ded by 38.
37
Let z = -1508 - -1533. Calculate the remainder when 95 is divided by z.
20
Suppose -3*m = -0*m - 36. Let h(k) = k**2 + 8*k + 5. Let v be h(-6). Let f = m - v. Calculate the remainder when f is divided by 11.
8
Suppose 0*x + 3*x = 6. Suppose x*k - 11 = 3. Calculate the remainder when k is divided by 5.
2
Suppose 262 = u + 1094. Calculate the remainder when (10/(-8))/(13/u) is divided by 14.
10
Let t(l) = l**2 - 5*l + 6. Let j = 173 - 151. Calculate the remainder when j is divided by t(6).
10
Let i(y) = -5*y**3 + 11*y + 3. Let l(z) = 26*z**2 - z - 1. Let o be l(2). Suppose -x + o = 19. What is the remainder when x is divided by i(-2)?
19
Let i(f) = -2*f + 9. Let a be i(3). Calculate the remainder when 46 is divided by 16 - a/(-6)*0.
14
Let m = -53 + 78. Let f = m - 9. What is the remainder when 47 is divided by f?
15
Let j(v) = -v**3 + 8*v**2 - 4*v - 12. Let i be j(7). Let h = 27 - i. Calculate the remainder when 52 is divided by h.
16
Suppose x - i = 4, -2*x - 2*i = -0 - 4. Suppose 6 = x*r + 2*j - 7, -4*r = 5*j - 8. What is the remainder when 16 is divided by r?
2
Let s(m) = 11*m**2 - 5*m. Let g(o) = -4*o - 13. Let l be g(-4). Let y be s(l). What is the remainder when ((-20)/(-15))/(2/y) is divided by 15?
11
Let w = 303 + -215. Suppose -m - w = -5*m. Calculate the remainder when 65 is divided by m.
21
Suppose 0 = -5*f - 5*a + 4*a + 121, -2*f - 4*a = -34. Let m = f + -8. Calculate the remainder when 33 is divided by m.
16
Let g = 2 + 2. Suppose g*s - 60 = -4*h, -3*h + 60 = 4*s + 14. Calculate the remainder when 6 + -4 + -1 + h is divided by 6.
3
Suppose 1861 = 56*o - 939. What is the remainder when 112 is divided by o?
12
Calculate the remainder when (-36 + 2)/((-3)/15) is divided by 30.
20
Let n(c) = -c**2 + 4*c - 4. Let j(r) = -r**3 - 6*r**2 - 6*r. Let u be j(-5). Let i be n(u). Calculate the remainder when 36 is divided by (i/9)/((-2)/40).
16
Let z be -6 + 3/(-12)*0. What is the remainder when (0 - (-76 - -1))*z/(-9) is divided by 27?
23
Let t = 29 - 26. What is the remainder when 45 is divided by ((-2)/(-18)*t)/(1/51)?
11
Let f = -13 + 15. Calculate the remainder when (4/f)/((-16)/(-1656)) is divided by 42.
39
Let r be (-24)/(-28)*(-14)/(-3). Suppose -z + r = -1. What is the remainder when 24 is divided by z?
4
Let b = 8 + -4. Let c be 68/b + 1/(-1). Calculate the remainder when 77 is divided by (c - (-4 - -1)) + 1.
17
Let a be (-4 - -1)/(6/(-16)). Suppose -2*s + 18 = -a. Let k = -745 + 750. What is the remainder when s is divided by k?
3
Suppose -3*s = -15 - 6. Let b = -8 + s. What is the remainder when (b - 2 - -2)*-25 is divided by 9?
7
Let m be 6/24 - 1/4. Suppose l + m - 3 = 0. Suppose -3*j + 2*z + 49 = 12, 0 = l*j + 2*z - 53. Calculate the remainder when 27 is divided by j.
12
Suppose 34*l = 29*l + 155. Calculate the remainder when 183 is divided by l.
28
Let d = -1 + 3. Suppose d*z = -j - 26, j - z + 68 = -3*j. What is the remainder when 34 is divided by (j/15)/(6/(-45))?
7
Let d(h) = h**3 + 10*h**2 + 7*h - 22. Let u(i) = -i**3 - 10*i**2 - 8*i + 21. Let l(b) = -6*d(b) - 5*u(b). Calculate the remainder when 280 is divided by l(-10).
45
Suppose 4*h = -4, 3*h = -2*v + 6*h + 9. Suppose 23 = 3*b + 5*d, 5*b + 2*d = 3*b + 18. What is the remainder when b is divided by v?
2
Let y(n) = n + 12. Suppose 0 = -5*j + 4*t + 44, -5*j - t = -4*t - 43. What is the remainder when 38 is divided by y(j)?
18
Let g(d) = d**3 - 3*d**2 - 19*d + 12. What is the remainder when 12/(-9)*(-33)/2 is divided by g(6)?
4
Let p(g) = 39*g**2 + 16*g - 15. Calculate the remainder when 798 is divided by p(1).
38
Let v be ((-20)/7)/(56/196). Calculate the remainder when (6 + -1)*31*(-4)/v is divided by 16.
14
Let g = -77 - -80. What is the remainder when 25 - (2 - (-6)/(-2)) is divided by g?
2
Suppose -134*m + 825 = -119*m. What is the remainder when 91 is divided by m?
36
Let y(t) = -2*t**2 - t + 3. Let q be y(3). Suppose -10 = -c + 3. Calculate the remainder when -60*(q/(-5) + -4) is divided by c.
11
Calculate the remainder when (-2)/(-7) + (10 - 13533/(-91)) is divided by 29.
14
Suppose 4*i = 4*f + 670 + 2022, 0 = -5*f - 5. Calculate the remainder when i is divided by 45.
42
Let y = 66 + -51. Calculate the remainder when y is divided by 11.
4
Let k(u) = -15*u - 120. What is the remainder when k(-22) is divided by 57?
39
Suppose 2*r + 3*g + 119 = 7*r, -98 = -4*r + g. Calculate the remainder when 299 is divided by r.
24
Let q(b) = -b**3 - 22*b**2 - 31*b + 47. What is the remainder when q(-22) is divided by 241?
6
Suppose -k + 2*g = -15 - 34, 266 = 5*k - 3*g. Suppose k*v - 12 = 53*v. What is the remainder when 32/2 + 3 + -2 is divided by v?
5
Suppose 4*f = 8, 5*f = 12*a - 13*a + 33. Calculate the remainder when 199 is divided by a.
15
Let c = 10 + -11. Suppose -3*q = 2*q - 155. What is the remainder when q is divided by -1 + 5 + c + 5 + 0?
7
Suppose 2*t + 3*g = 1253, 5*t = -3*g + 736 + 2419. What is the remainder when t is divided by 22?
18
Let o(x) be the second derivative of -x**5/20 + x**4/3 + 2*x**3/3 + x**2 + 13*x. What is the remainder when 71 is divided by o(4)?
17
Suppose -3*p - 3*a = -47 - 13, -52 = -2*p + a. Calculate the remainder when 47 is divided by p.
23
Suppose 4*i - i + 2*a = 14, -5*a = -5. Suppose h = v + i*v - 14, -2*h = -3*v + 7. What is the remainder when (-3)/(-3)*v + 16 is divided by 11?
8
Suppose 4*q = 2*o + 8, -o + 4*q = -3 + 11. Let n(d) = -3*d + 62. Suppose g = 3*g - 32. What is the remainder when n(o) is divided by g?
14
Let p(k) = k**2 - k. Let f = 521 - 470. What is the remainder when f is divided by p(3)?
3
Suppose 2*b + 14 = 52. What is the remainder when 5/((-80)/32) + 58 is divided by b?
18
Suppose 13*x = -3*x + 160. Calculate the remainder when 735 is divided by x.
5
What is the remainder when -1 - 5 - (2/(-1) - 253) is divided by 36?
33
What is the remainder when 6*18/(-60)*-15 is divided by 4?
3
Suppose 14*a - 15*a = -55. Let j = -157 - -376. Calculate the remainder when j is divided by a.
54
Suppose 4*k - 18 = 4*t - 2*t, 4*k = -3*t + 3. Suppose 0 = -2*o + 5*o + k. Let v(f) = -8*f**3 - 3*f**2 - 2*f. Calculate the remainder when 39 is divided by v(o).
4
Suppose 3*y + 48 = j + 3, 4*j + 3*y - 135 = 0. Let b = -798 + 1012. What is the remainder when b is divided by j?
34
Suppose 0 = -2*t - 4*f + 28, t - 12 = -3*t + 3*f. What is the remainder when 88 is divided by (3/2)/(t/76)?
12
Suppose q - 92 = -11. Let f = q - 30. Suppose 2*x + 0 - 1 = 5*b, 3*x + 5*b - 64 = 0. Calculate the remainder when f is divided by x.
12
Let k(p) = -p**2 + 11*p - 19. Let u be (3*2)/((-15)/(-20)). Suppose 3*s - u*l = -3*l + 21, 5*s = -3*l + 1. Calculate the remainder when k(8) is divided by s.
1
Let q = -42 - -47. What is the remainder when 14 is divided by q?
4
Suppose 2*m + 24 = 4*m. Let s = 22 - m. Suppose 78*g - 133 = 71*g. What is the remainder when g is divided by s?
9
Suppose -2*g + 0*g = 0. Suppose g = l - 3*l + 2*o, 3*l - 2 = 2*o. Suppose 2*j - y = 47, -4*j + 42 = l*y - 48. What is the remainder when 90 is divided by j?
21
Calculate the remainder when ((-6)/(-8))/((-39)/(-3068)) is divided by 17.
8
Let r(m) = 4*m**2 - 13. Let b(i) = i**2 + 12*i + 31. Let a be b(-7). Calculate the remainder when r(a) is divided by 14.
9
Let x(z) = -z**3 + 8*z**2 + z - 2. Let q be x(8). Let r(y) = 4*y + 19. Calculate the remainder when r(q) is divided by 15.
13
Suppose -7*c - 1480 = -15*c. Let a = c - 111. What is the remainder when a is divided by 20?
14
Suppose 0 = -3*g - 0*g - 30. Let n = g + 16. Let j(p) = 21*p + 8. What is the remainder when j(1) is divided by n?
5
Let q = -15 - -30. Let s = q + -13. Let o = s + 5. Calculate the remainder when 20 is divided by o.
6
Let p be (2/(-4))/(2/(-32)). Let w be (-5)/5 + -2 + 0 - -44. Suppose 0 = 3*z - w + p. What is the remainder when z is divided by 6?
5
Suppose 3*n - d = 497, d = -2*n + 440 - 102. Suppose -2*g = -3*c - 85, 0 = 4*g - 0*c - 3*c - n. What is the remainder when g is divided by (-6)/8*44/(-3)?
8
Let x be (4 + -6)/2*-2. Suppose x*u + 350 = 4*h, 0 = 4*u - 2*u - 10. Calculate the remainder when h is divided by 46.
44
Let y = -25 + 59. Suppose -y = -5*c + 36. Calculate the remainder when 24 is divided by c.
10
Let g(w) = 3*w**3 - 9*w**2 + 6*w - 11. What is the remainder when g(4) is divided by 32?
29
S